{"id":394,"date":"2023-08-23T18:01:29","date_gmt":"2023-08-23T18:01:29","guid":{"rendered":"https:\/\/quelpaper.com.br\/?page_id=394"},"modified":"2023-08-23T18:03:58","modified_gmt":"2023-08-23T18:03:58","slug":"atrasos-e-extravios","status":"publish","type":"page","link":"https:\/\/quelpaper.com.br\/index.php\/atrasos-e-extravios\/","title":{"rendered":"Atrasos e Extravios"},"content":{"rendered":"\t\t<div data-elementor-type=\"wp-page\" data-elementor-id=\"394\" class=\"elementor elementor-394\" data-elementor-post-type=\"page\">\n\t\t\t\t\t\t\t\t\t<section class=\"elementor-section elementor-top-section elementor-element elementor-element-b39e4eb elementor-section-boxed elementor-section-height-default elementor-section-height-default\" data-id=\"b39e4eb\" data-element_type=\"section\">\n\t\t\t\t\t\t<div class=\"elementor-container elementor-column-gap-default\">\n\t\t\t\t\t<div class=\"elementor-column elementor-col-100 elementor-top-column elementor-element elementor-element-c282dbf\" data-id=\"c282dbf\" data-element_type=\"column\">\n\t\t\t<div class=\"elementor-widget-wrap elementor-element-populated\">\n\t\t\t\t\t\t\t\t<div class=\"elementor-element elementor-element-97ec616 elementor-widget elementor-widget-heading\" data-id=\"97ec616\" data-element_type=\"widget\" data-widget_type=\"heading.default\">\n\t\t\t\t<div class=\"elementor-widget-container\">\n\t\t\t<style>\/*! elementor - v3.15.0 - 20-08-2023 *\/\n.elementor-heading-title{padding:0;margin:0;line-height:1}.elementor-widget-heading .elementor-heading-title[class*=elementor-size-]>a{color:inherit;font-size:inherit;line-height:inherit}.elementor-widget-heading .elementor-heading-title.elementor-size-small{font-size:15px}.elementor-widget-heading .elementor-heading-title.elementor-size-medium{font-size:19px}.elementor-widget-heading .elementor-heading-title.elementor-size-large{font-size:29px}.elementor-widget-heading .elementor-heading-title.elementor-size-xl{font-size:39px}.elementor-widget-heading .elementor-heading-title.elementor-size-xxl{font-size:59px}<\/style><h2 class=\"elementor-heading-title elementor-size-default\">Atrasos e extravio\/roubo da encomenda<\/h2>\t\t<\/div>\n\t\t\t\t<\/div>\n\t\t\t\t\t<\/div>\n\t\t<\/div>\n\t\t\t\t\t\t\t<\/div>\n\t\t<\/section>\n\t\t\t\t<section class=\"elementor-section elementor-top-section elementor-element elementor-element-90d2b01 elementor-section-full_width elementor-section-height-default elementor-section-height-default\" data-id=\"90d2b01\" data-element_type=\"section\">\n\t\t\t\t\t\t<div class=\"elementor-container elementor-column-gap-no\">\n\t\t\t\t\t<div class=\"elementor-column elementor-col-100 elementor-top-column elementor-element elementor-element-4976067\" data-id=\"4976067\" data-element_type=\"column\">\n\t\t\t<div class=\"elementor-widget-wrap elementor-element-populated\">\n\t\t\t\t\t\t\t\t<div class=\"elementor-element elementor-element-d9999a7 elementor-widget elementor-widget-text-editor\" data-id=\"d9999a7\" data-element_type=\"widget\" data-widget_type=\"text-editor.default\">\n\t\t\t\t<div class=\"elementor-widget-container\">\n\t\t\t<style>\/*! elementor - v3.15.0 - 20-08-2023 *\/\n.elementor-widget-text-editor.elementor-drop-cap-view-stacked .elementor-drop-cap{background-color:#69727d;color:#fff}.elementor-widget-text-editor.elementor-drop-cap-view-framed .elementor-drop-cap{color:#69727d;border:3px solid;background-color:transparent}.elementor-widget-text-editor:not(.elementor-drop-cap-view-default) .elementor-drop-cap{margin-top:8px}.elementor-widget-text-editor:not(.elementor-drop-cap-view-default) .elementor-drop-cap-letter{width:1em;height:1em}.elementor-widget-text-editor .elementor-drop-cap{float:left;text-align:center;line-height:1;font-size:50px}.elementor-widget-text-editor .elementor-drop-cap-letter{display:inline-block}<\/style>\t\t\t\t<p>N\u00e3o nos responsabilizamos por poss\u00edveis atrasos ocasionados pelos Correios e(ou)<br>transportadora.<\/p><p>Infelizmente n\u00f3s n\u00e3o temos controle sobre o que acontece com sua encomenda<br>assim que ela \u00e9 despachada, apenas atrav\u00e9s do c\u00f3digo de rastreio ou contato com<br>eles.<\/p><p>Por isso, pedimos a compreens\u00e3o caso algum imprevisto aconte\u00e7a durante o seu<br>envio, pois como dito, n\u00e3o controlamos os prazos dos Correios e transportadora. De<br>qualquer forma, estamos 100% dispostos a resolver poss\u00edveis problemas da melhor<br>forma poss\u00edvel. Caso n\u00e3o chegue em prazo previsto, entre em contato pelo e-mail<br>para que a gente possa analisar a situa\u00e7\u00e3o e abrir uma reclama\u00e7\u00e3o nos mesmos.<br>N\u00e3o enviaremos um novo produto antes que o extravio seja comprovado.<\/p><p>Caso seja comprovado que houve extravio com sua encomenda, entre em contato<br>conosco o mais breve poss\u00edvel.<\/p><p>Nesse caso, voc\u00ea poder\u00e1 escolher se deseja reembolso do valor ou que um novo<br>produto seja enviado.<\/p><p>DESIST\u00caNCIA OU ARREPENDIMENTO<br>Todo produto comprado no site \u00e9 feito sob encomenda e personalizado com a capa<br>de sua prefer\u00eancia e com seu nome impresso diretamente nela. Por isso, n\u00e3o \u00e9<br>poss\u00edvel o cancelamento ou altera\u00e7\u00e3o do seu pedido.<\/p><p>POL\u00cdTICA DE TROCAS E DEVOLU\u00c7\u00d5ES<br>N\u00e3o aceitamos trocas e devolu\u00e7\u00f5es para produtos que sejam personalizados com<br>o nome.<\/p><p>Por\u00e9m, se seu produto chegou com defeito, erro de impress\u00e3o, ou sofreu algum tipo<br>de avaria no transporte, entre em contato conosco atrav\u00e9s do e-mail<br>contatoquelpaper@gmail.com em at\u00e9 10 dias corridos da data do recebimento<br>para realizarmos a troca ou reembolso do valor.<\/p><p>Nesse caso n\u00f3s arcamos com o frete de reenvio.<\/p>\t\t\t\t\t\t<\/div>\n\t\t\t\t<\/div>\n\t\t\t\t\t<\/div>\n\t\t<\/div>\n\t\t\t\t\t\t\t<\/div>\n\t\t<\/section>\n\t\t\t\t\t\t\t<\/div>\n\t\t","protected":false},"excerpt":{"rendered":"<p>Atrasos e extravio\/roubo da encomenda N\u00e3o nos responsabilizamos por poss\u00edveis atrasos ocasionados pelos Correios e(ou)transportadora. Infelizmente n\u00f3s n\u00e3o temos controle sobre o que acontece com sua encomendaassim que ela \u00e9 despachada, apenas atrav\u00e9s do c\u00f3digo de rastreio ou contato comeles. Por isso, pedimos a compreens\u00e3o caso algum imprevisto aconte\u00e7a durante o seuenvio, pois como dito, [&hellip;]<\/p>\n","protected":false},"author":1,"featured_media":0,"parent":0,"menu_order":0,"comment_status":"closed","ping_status":"closed","template":"elementor_header_footer","meta":{"om_disable_all_campaigns":false,"_mi_skip_tracking":false,"_monsterinsights_sitenote_active":false,"_monsterinsights_sitenote_note":"","_monsterinsights_sitenote_category":0},"aioseo_notices":[],"_links":{"self":[{"href":"https:\/\/quelpaper.com.br\/index.php\/wp-json\/wp\/v2\/pages\/394"}],"collection":[{"href":"https:\/\/quelpaper.com.br\/index.php\/wp-json\/wp\/v2\/pages"}],"about":[{"href":"https:\/\/quelpaper.com.br\/index.php\/wp-json\/wp\/v2\/types\/page"}],"author":[{"embeddable":true,"href":"https:\/\/quelpaper.com.br\/index.php\/wp-json\/wp\/v2\/users\/1"}],"replies":[{"embeddable":true,"href":"https:\/\/quelpaper.com.br\/index.php\/wp-json\/wp\/v2\/comments?post=394"}],"version-history":[{"count":4,"href":"https:\/\/quelpaper.com.br\/index.php\/wp-json\/wp\/v2\/pages\/394\/revisions"}],"predecessor-version":[{"id":398,"href":"https:\/\/quelpaper.com.br\/index.php\/wp-json\/wp\/v2\/pages\/394\/revisions\/398"}],"wp:attachment":[{"href":"https:\/\/quelpaper.com.br\/index.php\/wp-json\/wp\/v2\/media?parent=394"}],"curies":[{"name":"wp","href":"https:\/\/api.w.org\/{rel}","templated":true}]}}